{"id":9188,"date":"2020-06-13T22:01:29","date_gmt":"2020-06-14T01:01:29","guid":{"rendered":"https:\/\/www.worldtoptrainers.com\/wttc2\/?post_type=product&#038;p=9188"},"modified":"2020-07-26T23:24:51","modified_gmt":"2020-07-27T02:24:51","slug":"shotgun-i-liderar","status":"publish","type":"product","link":"https:\/\/www.worldtoptrainers.com\/wttc2\/?product=shotgun-i-liderar","title":{"rendered":"Shotgun I &#8211; Liderar"},"content":{"rendered":"<p><em><strong>Treinamento de profissionais e equipes de alta performance na carreira e nos neg\u00f3cios das \u00e1reas da sa\u00fade: Educa\u00e7\u00e3o F\u00edsica, Fisioterapia, Medicina, Odontologia, Enfermagem, Psicologia, Terapia Ocupacional, Esporte, Fonoaudiologia, etc.<\/strong><\/em><\/p>\n<p><em><strong>M\u00f3dulo I &#8211; Liderar<\/strong><\/em><\/p>\n<p>As qualidades que um profissional precisa para:<\/p>\n<p>-gerir sua carreira e neg\u00f3cios com efici\u00eancia e evolu\u00e7\u00e3o constante<\/p>\n<p>-chegar aos cargos de coordena\u00e7\u00e3o e gest\u00e3o com consist\u00eancia<\/p>\n<p>-montar e liderar equipes de profissionais motivadas<\/p>\n<p>-gerar um ambiente de crescimento saud\u00e1vel para sua carreira, para seu time de profissionais e para sua empresa<\/p>\n","protected":false},"excerpt":{"rendered":"<p><em><strong>Treinamento de profissionais e equipes de alta performance na carreira e nos neg\u00f3cios das \u00e1reas da sa\u00fade: Educa\u00e7\u00e3o F\u00edsica, Fisioterapia, Medicina, Odontologia, Enfermagem, Psicologia, Terapia Ocupacional, Esporte, Fonoaudiologia, etc.<\/strong><\/em><\/p>\n<p><em><strong>M\u00f3dulo I &#8211; Liderar<\/strong><\/em><\/p>\n<p>As qualidades que um profissional precisa para:<\/p>\n<p>-gerir sua carreira e neg\u00f3cios com efici\u00eancia e evolu\u00e7\u00e3o constante<\/p>\n<p>-chegar aos cargos de coordena\u00e7\u00e3o e gest\u00e3o com consist\u00eancia<\/p>\n<p>-montar e liderar equipes de profissionais motivadas<\/p>\n<p>-gerar um ambiente de crescimento saud\u00e1vel para sua carreira, para seu time de profissionais e para sua empresa<\/p>\n","protected":false},"featured_media":9190,"template":"","meta":[],"product_brand":[],"product_cat":[345],"product_tag":[],"class_list":{"0":"post-9188","1":"product","2":"type-product","3":"status-publish","4":"has-post-thumbnail","6":"product_cat-shotgun-building-high-performance-teams-professionals","8":"first","9":"instock","10":"virtual","11":"purchasable","12":"product-type-simple"},"_links":{"self":[{"href":"https:\/\/www.worldtoptrainers.com\/wttc2\/index.php?rest_route=\/wp\/v2\/product\/9188","targetHints":{"allow":["GET"]}}],"collection":[{"href":"https:\/\/www.worldtoptrainers.com\/wttc2\/index.php?rest_route=\/wp\/v2\/product"}],"about":[{"href":"https:\/\/www.worldtoptrainers.com\/wttc2\/index.php?rest_route=\/wp\/v2\/types\/product"}],"wp:featuredmedia":[{"embeddable":true,"href":"https:\/\/www.worldtoptrainers.com\/wttc2\/index.php?rest_route=\/wp\/v2\/media\/9190"}],"wp:attachment":[{"href":"https:\/\/www.worldtoptrainers.com\/wttc2\/index.php?rest_route=%2Fwp%2Fv2%2Fmedia&parent=9188"}],"wp:term":[{"taxonomy":"product_brand","embeddable":true,"href":"https:\/\/www.worldtoptrainers.com\/wttc2\/index.php?rest_route=%2Fwp%2Fv2%2Fproduct_brand&post=9188"},{"taxonomy":"product_cat","embeddable":true,"href":"https:\/\/www.worldtoptrainers.com\/wttc2\/index.php?rest_route=%2Fwp%2Fv2%2Fproduct_cat&post=9188"},{"taxonomy":"product_tag","embeddable":true,"href":"https:\/\/www.worldtoptrainers.com\/wttc2\/index.php?rest_route=%2Fwp%2Fv2%2Fproduct_tag&post=9188"}],"curies":[{"name":"wp","href":"https:\/\/api.w.org\/{rel}","templated":true}]}}